 divided by 62?
19
What is the remainder when 80 is divided by 13?
2
Calculate the remainder when 9908 is divided by 10.
8
What is the remainder when 115 is divided by 27?
7
Calculate the remainder when 2006 is divided by 9.
8
Calculate the remainder when 5016 is divided by 5.
1
What is the remainder when 220 is divided by 23?
13
What is the remainder when 57 is divided by 21?
15
Calculate the remainder when 4700 is divided by 5.
0
Calculate the remainder when 3723 is divided by 19.
18
Calculate the remainder when 729 is divided by 122.
119
What is the remainder when 29413 is divided by 77?
76
What is the remainder when 237 is divided by 204?
33
What is the remainder when 2039 is divided by 15?
14
What is the remainder when 2575 is divided by 231?
34
Calculate the remainder when 240 is divided by 168.
72
What is the remainder when 1154 is divided by 380?
14
What is the remainder when 121 is divided by 115?
6
Calculate the remainder when 137 is divided by 47.
43
What is the remainder when 441 is divided by 12?
9
What is the remainder when 94 is divided by 17?
9
Calculate the remainder when 215 is divided by 15.
5
What is the remainder when 50 is divided by 6?
2
Calculate the remainder when 99 is divided by 8.
3
Calculate the remainder when 295 is divided by 74.
73
What is the remainder when 1997 is divided by 23?
19
What is the remainder when 16 is divided by 6?
4
What is the remainder when 309 is divided by 151?
7
Calculate the remainder when 492 is divided by 14.
2
What is the remainder when 1536 is divided by 171?
168
Calculate the remainder when 336 is divided by 25.
11
Calculate the remainder when 965 is divided by 319.
8
What is the remainder when 2797 is divided by 70?
67
Calculate the remainder when 369 is divided by 10.
9
What is the remainder when 413 is divided by 23?
22
Calculate the remainder when 402 is divided by 14.
10
Calculate the remainder when 60 is divided by 53.
7
What is the remainder when 668 is divided by 79?
36
What is the remainder when 1781 is divided by 4?
1
What is the remainder when 87 is divided by 8?
7
Calculate the remainder when 558 is divided by 145.
123
Calculate the remainder when 47 is divided by 12.
11
Calculate the remainder when 755 is divided by 74.
15
What is the remainder when 80 is divided by 27?
26
What is the remainder when 164 is divided by 7?
3
Calculate the remainder when 131 is divided by 35.
26
Calculate the remainder when 82 is divided by 17.
14
Calculate the remainder when 261 is divided by 66.
63
Calculate the remainder when 57 is divided by 26.
5
What is the remainder when 522 is divided by 30?
12
What is the remainder when 223 is divided by 52?
15
What is the remainder when 212 is divided by 36?
32
What is the remainder when 38 is divided by 18?
2
What is the remainder when 115 is divided by 36?
7
Calculate the remainder when 3254 is divided by 20.
14
What is the remainder when 5527 is divided by 79?
76
What is the remainder when 439 is divided by 33?
10
Calculate the remainder when 357 is divided by 9.
6
Calculate the remainder when 267 is divided by 73.
48
What is the remainder when 386 is divided by 44?
34
What is the remainder when 501 is divided by 47?
31
What is the remainder when 4117 is divided by 111?
10
Calculate the remainder when 156 is divided by 85.
71
Calculate the remainder when 296 is divided by 9.
8
Calculate the remainder when 375 is divided by 42.
39
What is the remainder when 7993 is divided by 62?
57
Calculate the remainder when 12229 is divided by 151.
149
Calculate the remainder when 1834 is divided by 16.
10
Calculate the remainder when 127 is divided by 49.
29
Calculate the remainder when 1148 is divided by 144.
140
Calculate the remainder when 21 is divided by 8.
5
What is the remainder when 159 is divided by 27?
24
Calculate the remainder when 372 is divided by 94.
90
Calculate the remainder when 800 is divided by 67.
63
What is the remainder when 1980 is divided by 241?
52
What is the remainder when 7694 is divided by 350?
344
What is the remainder when 464 is divided by 255?
209
Calculate the remainder when 191 is divided by 64.
63
Calculate the remainder when 21 is divided by 14.
7
Calculate the remainder when 414 is divided by 84.
78
What is the remainder when 137 is divided by 7?
4
Calculate the remainder when 657 is divided by 4.
1
What is the remainder when 130 is divided by 42?
4
What is the remainder when 200 is divided by 153?
47
Calculate the remainder when 9931 is divided by 276.
271
Calculate the remainder when 1737 is divided by 70.
57
Calculate the remainder when 899 is divided by 296.
11
What is the remainder when 3708 is divided by 116?
112
What is the remainder when 51 is divided by 35?
16
What is the remainder when 67 is divided by 17?
16
What is the remainder when 2036 is divided by 158?
140
Calculate the remainder when 171 is divided by 16.
11
What is the remainder when 149 is divided by 11?
6
Calculate the remainder when 72 is divided by 12.
0
What is the remainder when 54 is divided by 26?
2
What is the remainder when 376 is divided by 101?
73
What is the remainder when 19 is divided by 19?
0
Calculate the remainder when 2817 is divided by 2798.
19
What is the remainder when 6 is divided by 1?
0
What is the remainder when 149 is divided by 47?
8
Calculate the remainder when 2676 is divided by 47.
44
Calculate the remainder when 120 is divided by 11.
10
Calculate the remainder when 1549 is divided by 8.
5
Calculate the remainder when 150 is divided by 41.
27
What is the remainder when 2012 is divided by 13?
10
What is the remainder when 1823 is divided by 22?
19
What is the remainder when 773 is divided by 20?
13
What is the remainder when 7167 is divided by 67?
65
Calculate the remainder when 162 is divided by 62.
38
What is the remainder when 488 is divided by 35?
33
Calculate the remainder when 233 is divided by 15.
8
Calculate the remainder when 146 is divided by 58.
30
What is the remainder when 1002 is divided by 332?
6
What is the remainder when 1054 is divided by 86?
22
What is the remainder when 2099 is divided by 54?
47
Calculate the remainder when 1368 is divided by 231.
213
Calculate the remainder when 91 is divided by 27.
10
Calculate the remainder when 145 is divided by 34.
9
Calculate the remainder when 110 is divided by 24.
14
Calculate the remainder when 425 is divided by 61.
59
Calculate the remainder when 214 is divided by 10.
4
What is the remainder when 101 is divided by 38?
25
What is the remainder when 321 is divided by 158?
5
What is the remainder when 479 is divided by 78?
11
What is the remainder when 1386 is divided by 123?
33
Calculate the remainder when 185 is divided by 32.
25
Calculate the remainder when 26696 is divided by 300.
296
Calculate the remainder when 306 is divided by 53.
41
Calculate the remainder when 88 is divided by 17.
3
What is the remainder when 98 is divided by 29?
11
What is the remainder when 1878 is divided by 619?
21
What is the remainder when 3746 is divided by 150?
146
What is the remainder when 80 is divided by 35?
10
Calculate the remainder when 163 is divided by 33.
31
Calculate the remainder when 406 is divided by 16.
6
Calculate the remainder when 165 is divided by 42.
39
What is the remainder when 646 is divided by 641?
5
What is the remainder when 50 is divided by 29?
21
What is the remainder when 215 is divided by 46?
31
What is the remainder when 548 is divided by 29?
26
What is the remainder when 960 is divided by 161?
155
What is the remainder when 95 is divided by 38?
19
What is the remainder when 256 is divided by 47?
21
What is the remainder when 570 is divided by 146?
132
Calculate the remainder when 240 is divided by 23.
10
Calculate the remainder when 185 is divided by 53.
26
Calculate the remainder when 619 is divided by 9.
7
Calculate the remainder when 539 is divided by 32.
27
What is the remainder when 173 is divided by 39?
17
What is the remainder when 134 is divided by 3?
2
Calculate the remainder when 77 is divided by 23.
8
Calculate the remainder when 684 is divided by 33.
24
Calculate the remainder when 580 is divided by 65.
60
Calculate the remainder when 927 is divided by 32.
31
What is the remainder when 685 is divided by 49?
48
Calculate the remaind